{"id":15777,"date":"2024-09-11T08:11:13","date_gmt":"2024-09-11T06:11:13","guid":{"rendered":"https:\/\/szkola.garbow.pl\/?page_id=15777"},"modified":"2024-09-11T08:14:51","modified_gmt":"2024-09-11T06:14:51","slug":"wymagania-edukacyjne-informatyka","status":"publish","type":"page","link":"https:\/\/szkola.garbow.pl\/index.php\/wymagania-edukacyjne-informatyka\/","title":{"rendered":"Wymagania edukacyjne &#8211; Informatyka"},"content":{"rendered":"\n<p>Wymagania edukacyjne z informatyki<\/p>\n\n\n\n<div data-wp-interactive=\"core\/file\" class=\"wp-block-file\"><object data-wp-bind--hidden=\"!state.hasPdfPreview\" hidden class=\"wp-block-file__embed\" data=\"https:\/\/szkola.garbow.pl\/wp-content\/uploads\/2024\/09\/informatyka-sp-4-pso.pdf\" type=\"application\/pdf\" style=\"width:100%;height:600px\" aria-label=\"Osadzone z Opis za\u0142o\u017conych osi\u0105gni\u0119\u0107 ucznia \u2013 przyk\u0142ady wymaga\u0144 na poszczeg\u00f3lne&lt;br&gt;oceny szkolne dla klasy 4.\"><\/object><a id=\"wp-block-file--media-6be91ba6-ce4a-416d-a2ad-dbe3ad2e83c9\" href=\"https:\/\/szkola.garbow.pl\/wp-content\/uploads\/2024\/09\/informatyka-sp-4-pso.pdf\">Opis za\u0142o\u017conych osi\u0105gni\u0119\u0107 ucznia \u2013 przyk\u0142ady wymaga\u0144 na poszczeg\u00f3lne<br>oceny szkolne dla klasy 4<\/a><a href=\"https:\/\/szkola.garbow.pl\/wp-content\/uploads\/2024\/09\/informatyka-sp-4-pso.pdf\" class=\"wp-block-file__button wp-element-button\" download aria-describedby=\"wp-block-file--media-6be91ba6-ce4a-416d-a2ad-dbe3ad2e83c9\">Pobierz<\/a><\/div>\n\n\n\n<div data-wp-interactive=\"core\/file\" class=\"wp-block-file\"><object data-wp-bind--hidden=\"!state.hasPdfPreview\" hidden class=\"wp-block-file__embed\" data=\"https:\/\/szkola.garbow.pl\/wp-content\/uploads\/2024\/09\/informatyka-sp-5-pso.pdf\" type=\"application\/pdf\" style=\"width:100%;height:600px\" aria-label=\"Osadzone z Opis za\u0142o\u017conych osi\u0105gni\u0119\u0107 ucznia \u2013 przyk\u0142ady wymaga\u0144 na poszczeg\u00f3lne&lt;br&gt;oceny szkolne dla klasy 5.\"><\/object><a id=\"wp-block-file--media-1080085f-99f5-4d6d-aea6-5702bfa0ddd6\" href=\"https:\/\/szkola.garbow.pl\/wp-content\/uploads\/2024\/09\/informatyka-sp-5-pso.pdf\">Opis za\u0142o\u017conych osi\u0105gni\u0119\u0107 ucznia \u2013 przyk\u0142ady wymaga\u0144 na poszczeg\u00f3lne<br>oceny szkolne dla klasy 5<\/a><a href=\"https:\/\/szkola.garbow.pl\/wp-content\/uploads\/2024\/09\/informatyka-sp-5-pso.pdf\" class=\"wp-block-file__button wp-element-button\" download aria-describedby=\"wp-block-file--media-1080085f-99f5-4d6d-aea6-5702bfa0ddd6\">Pobierz<\/a><\/div>\n\n\n\n<div data-wp-interactive=\"core\/file\" class=\"wp-block-file\"><object data-wp-bind--hidden=\"!state.hasPdfPreview\" hidden class=\"wp-block-file__embed\" data=\"https:\/\/szkola.garbow.pl\/wp-content\/uploads\/2024\/09\/informatyka-sp-6-pso.pdf\" type=\"application\/pdf\" style=\"width:100%;height:600px\" aria-label=\"Osadzone z Opis za\u0142o\u017conych osi\u0105gni\u0119\u0107 ucznia \u2013 przyk\u0142ady wymaga\u0144 na poszczeg\u00f3lne&lt;br&gt;oceny szkolne dla klasy VI.\"><\/object><a id=\"wp-block-file--media-9f12c892-1740-435f-993f-3e0f8863c36c\" href=\"https:\/\/szkola.garbow.pl\/wp-content\/uploads\/2024\/09\/informatyka-sp-6-pso.pdf\">Opis za\u0142o\u017conych osi\u0105gni\u0119\u0107 ucznia \u2013 przyk\u0142ady wymaga\u0144 na poszczeg\u00f3lne<br>oceny szkolne dla klasy VI<\/a><a href=\"https:\/\/szkola.garbow.pl\/wp-content\/uploads\/2024\/09\/informatyka-sp-6-pso.pdf\" class=\"wp-block-file__button wp-element-button\" download aria-describedby=\"wp-block-file--media-9f12c892-1740-435f-993f-3e0f8863c36c\">Pobierz<\/a><\/div>\n\n\n\n<div data-wp-interactive=\"core\/file\" class=\"wp-block-file\"><object data-wp-bind--hidden=\"!state.hasPdfPreview\" hidden class=\"wp-block-file__embed\" data=\"https:\/\/szkola.garbow.pl\/wp-content\/uploads\/2024\/09\/informatyka-sp-7-pso.pdf\" type=\"application\/pdf\" style=\"width:100%;height:600px\" aria-label=\"Osadzone z Opis za\u0142o\u017conych osi\u0105gni\u0119\u0107 ucznia \u2013 przyk\u0142ady wymaga\u0144 na poszczeg\u00f3lne&lt;br&gt;oceny szkolne dla klasy 7.\"><\/object><a id=\"wp-block-file--media-357fd5de-34f8-4baf-8075-dc2d78782146\" href=\"https:\/\/szkola.garbow.pl\/wp-content\/uploads\/2024\/09\/informatyka-sp-7-pso.pdf\">Opis za\u0142o\u017conych osi\u0105gni\u0119\u0107 ucznia \u2013 przyk\u0142ady wymaga\u0144 na poszczeg\u00f3lne<br>oceny szkolne dla klasy 7<\/a><a href=\"https:\/\/szkola.garbow.pl\/wp-content\/uploads\/2024\/09\/informatyka-sp-7-pso.pdf\" class=\"wp-block-file__button wp-element-button\" download aria-describedby=\"wp-block-file--media-357fd5de-34f8-4baf-8075-dc2d78782146\">Pobierz<\/a><\/div>\n\n\n\n<div data-wp-interactive=\"core\/file\" class=\"wp-block-file\"><object data-wp-bind--hidden=\"!state.hasPdfPreview\" hidden class=\"wp-block-file__embed\" data=\"https:\/\/szkola.garbow.pl\/wp-content\/uploads\/2024\/09\/Informatyka_kl8.pdf\" type=\"application\/pdf\" style=\"width:100%;height:600px\" aria-label=\"Osadzone z Opis za\u0142o\u017conych osi\u0105gni\u0119\u0107 ucznia \u2013 przyk\u0142ady wymaga\u0144 na poszczeg\u00f3lne&lt;br&gt;oceny szkolne dla klasy 8.\"><\/object><a id=\"wp-block-file--media-0a8b19de-1836-4802-9b53-5e8b6d8435dd\" href=\"https:\/\/szkola.garbow.pl\/wp-content\/uploads\/2024\/09\/Informatyka_kl8.pdf\">Opis za\u0142o\u017conych osi\u0105gni\u0119\u0107 ucznia \u2013 przyk\u0142ady wymaga\u0144 na poszczeg\u00f3lne<br>oceny szkolne dla klasy 8<\/a><a href=\"https:\/\/szkola.garbow.pl\/wp-content\/uploads\/2024\/09\/Informatyka_kl8.pdf\" class=\"wp-block-file__button wp-element-button\" download aria-describedby=\"wp-block-file--media-0a8b19de-1836-4802-9b53-5e8b6d8435dd\">Pobierz<\/a><\/div>\n\n\n\n<p><\/p>\n","protected":false},"excerpt":{"rendered":"<p>Wymagania edukacyjne z informatyki<\/p>\n","protected":false},"author":1,"featured_media":0,"parent":0,"menu_order":0,"comment_status":"closed","ping_status":"closed","template":"","meta":{"footnotes":""},"class_list":["post-15777","page","type-page","status-publish","hentry"],"yoast_head":"<!-- This site is optimized with the Yoast SEO plugin v27.4 - https:\/\/yoast.com\/product\/yoast-seo-wordpress\/ -->\n<title>Wymagania edukacyjne - Informatyka - Szko\u0142a Podstawowa im. Marii Konopnickiej w Garbowie<\/title>\n<meta name=\"robots\" content=\"index, follow, max-snippet:-1, max-image-preview:large, max-video-preview:-1\" \/>\n<link rel=\"canonical\" href=\"https:\/\/szkola.garbow.pl\/index.php\/wymagania-edukacyjne-informatyka\/\" \/>\n<meta property=\"og:locale\" content=\"pl_PL\" \/>\n<meta property=\"og:type\" content=\"article\" \/>\n<meta property=\"og:title\" content=\"Wymagania edukacyjne - Informatyka - Szko\u0142a Podstawowa im. Marii Konopnickiej w Garbowie\" \/>\n<meta property=\"og:description\" content=\"Wymagania edukacyjne z informatyki\" \/>\n<meta property=\"og:url\" content=\"https:\/\/szkola.garbow.pl\/index.php\/wymagania-edukacyjne-informatyka\/\" \/>\n<meta property=\"og:site_name\" content=\"Szko\u0142a Podstawowa im. Marii Konopnickiej w Garbowie\" \/>\n<meta property=\"article:modified_time\" content=\"2024-09-11T06:14:51+00:00\" \/>\n<meta name=\"twitter:card\" content=\"summary_large_image\" \/>\n<meta name=\"twitter:label1\" content=\"Szacowany czas czytania\" \/>\n\t<meta name=\"twitter:data1\" content=\"1 minuta\" \/>\n<script type=\"application\/ld+json\" class=\"yoast-schema-graph\">{\"@context\":\"https:\\\/\\\/schema.org\",\"@graph\":[{\"@type\":\"WebPage\",\"@id\":\"https:\\\/\\\/szkola.garbow.pl\\\/index.php\\\/wymagania-edukacyjne-informatyka\\\/\",\"url\":\"https:\\\/\\\/szkola.garbow.pl\\\/index.php\\\/wymagania-edukacyjne-informatyka\\\/\",\"name\":\"Wymagania edukacyjne - Informatyka - Szko\u0142a Podstawowa im. Marii Konopnickiej w Garbowie\",\"isPartOf\":{\"@id\":\"https:\\\/\\\/szkola.garbow.pl\\\/#website\"},\"datePublished\":\"2024-09-11T06:11:13+00:00\",\"dateModified\":\"2024-09-11T06:14:51+00:00\",\"breadcrumb\":{\"@id\":\"https:\\\/\\\/szkola.garbow.pl\\\/index.php\\\/wymagania-edukacyjne-informatyka\\\/#breadcrumb\"},\"inLanguage\":\"pl-PL\",\"potentialAction\":[{\"@type\":\"ReadAction\",\"target\":[\"https:\\\/\\\/szkola.garbow.pl\\\/index.php\\\/wymagania-edukacyjne-informatyka\\\/\"]}]},{\"@type\":\"BreadcrumbList\",\"@id\":\"https:\\\/\\\/szkola.garbow.pl\\\/index.php\\\/wymagania-edukacyjne-informatyka\\\/#breadcrumb\",\"itemListElement\":[{\"@type\":\"ListItem\",\"position\":1,\"name\":\"Strona g\u0142\u00f3wna\",\"item\":\"https:\\\/\\\/szkola.garbow.pl\\\/\"},{\"@type\":\"ListItem\",\"position\":2,\"name\":\"Wymagania edukacyjne &#8211; Informatyka\"}]},{\"@type\":\"WebSite\",\"@id\":\"https:\\\/\\\/szkola.garbow.pl\\\/#website\",\"url\":\"https:\\\/\\\/szkola.garbow.pl\\\/\",\"name\":\"Szko\u0142a Podstawowa im. Marii Konopnickiej w Garbowie\",\"description\":\"Szko\u0142a Podstawowa im. Marii Konopnickiej w Garbowie\",\"publisher\":{\"@id\":\"https:\\\/\\\/szkola.garbow.pl\\\/#organization\"},\"potentialAction\":[{\"@type\":\"SearchAction\",\"target\":{\"@type\":\"EntryPoint\",\"urlTemplate\":\"https:\\\/\\\/szkola.garbow.pl\\\/?s={search_term_string}\"},\"query-input\":{\"@type\":\"PropertyValueSpecification\",\"valueRequired\":true,\"valueName\":\"search_term_string\"}}],\"inLanguage\":\"pl-PL\"},{\"@type\":\"Organization\",\"@id\":\"https:\\\/\\\/szkola.garbow.pl\\\/#organization\",\"name\":\"Szko\u0142a Podstawowa im. Marii Konopnickiej w Garbowie\",\"url\":\"https:\\\/\\\/szkola.garbow.pl\\\/\",\"logo\":{\"@type\":\"ImageObject\",\"inLanguage\":\"pl-PL\",\"@id\":\"https:\\\/\\\/szkola.garbow.pl\\\/#\\\/schema\\\/logo\\\/image\\\/\",\"url\":\"https:\\\/\\\/szkola.garbow.pl\\\/wp-content\\\/uploads\\\/2020\\\/09\\\/szkola_podstawowa_garbow-1-1.png\",\"contentUrl\":\"https:\\\/\\\/szkola.garbow.pl\\\/wp-content\\\/uploads\\\/2020\\\/09\\\/szkola_podstawowa_garbow-1-1.png\",\"width\":500,\"height\":136,\"caption\":\"Szko\u0142a Podstawowa im. Marii Konopnickiej w Garbowie\"},\"image\":{\"@id\":\"https:\\\/\\\/szkola.garbow.pl\\\/#\\\/schema\\\/logo\\\/image\\\/\"}}]}<\/script>\n<!-- \/ Yoast SEO plugin. -->","yoast_head_json":{"title":"Wymagania edukacyjne - Informatyka - Szko\u0142a Podstawowa im. Marii Konopnickiej w Garbowie","robots":{"index":"index","follow":"follow","max-snippet":"max-snippet:-1","max-image-preview":"max-image-preview:large","max-video-preview":"max-video-preview:-1"},"canonical":"https:\/\/szkola.garbow.pl\/index.php\/wymagania-edukacyjne-informatyka\/","og_locale":"pl_PL","og_type":"article","og_title":"Wymagania edukacyjne - Informatyka - Szko\u0142a Podstawowa im. Marii Konopnickiej w Garbowie","og_description":"Wymagania edukacyjne z informatyki","og_url":"https:\/\/szkola.garbow.pl\/index.php\/wymagania-edukacyjne-informatyka\/","og_site_name":"Szko\u0142a Podstawowa im. Marii Konopnickiej w Garbowie","article_modified_time":"2024-09-11T06:14:51+00:00","twitter_card":"summary_large_image","twitter_misc":{"Szacowany czas czytania":"1 minuta"},"schema":{"@context":"https:\/\/schema.org","@graph":[{"@type":"WebPage","@id":"https:\/\/szkola.garbow.pl\/index.php\/wymagania-edukacyjne-informatyka\/","url":"https:\/\/szkola.garbow.pl\/index.php\/wymagania-edukacyjne-informatyka\/","name":"Wymagania edukacyjne - Informatyka - Szko\u0142a Podstawowa im. Marii Konopnickiej w Garbowie","isPartOf":{"@id":"https:\/\/szkola.garbow.pl\/#website"},"datePublished":"2024-09-11T06:11:13+00:00","dateModified":"2024-09-11T06:14:51+00:00","breadcrumb":{"@id":"https:\/\/szkola.garbow.pl\/index.php\/wymagania-edukacyjne-informatyka\/#breadcrumb"},"inLanguage":"pl-PL","potentialAction":[{"@type":"ReadAction","target":["https:\/\/szkola.garbow.pl\/index.php\/wymagania-edukacyjne-informatyka\/"]}]},{"@type":"BreadcrumbList","@id":"https:\/\/szkola.garbow.pl\/index.php\/wymagania-edukacyjne-informatyka\/#breadcrumb","itemListElement":[{"@type":"ListItem","position":1,"name":"Strona g\u0142\u00f3wna","item":"https:\/\/szkola.garbow.pl\/"},{"@type":"ListItem","position":2,"name":"Wymagania edukacyjne &#8211; Informatyka"}]},{"@type":"WebSite","@id":"https:\/\/szkola.garbow.pl\/#website","url":"https:\/\/szkola.garbow.pl\/","name":"Szko\u0142a Podstawowa im. Marii Konopnickiej w Garbowie","description":"Szko\u0142a Podstawowa im. Marii Konopnickiej w Garbowie","publisher":{"@id":"https:\/\/szkola.garbow.pl\/#organization"},"potentialAction":[{"@type":"SearchAction","target":{"@type":"EntryPoint","urlTemplate":"https:\/\/szkola.garbow.pl\/?s={search_term_string}"},"query-input":{"@type":"PropertyValueSpecification","valueRequired":true,"valueName":"search_term_string"}}],"inLanguage":"pl-PL"},{"@type":"Organization","@id":"https:\/\/szkola.garbow.pl\/#organization","name":"Szko\u0142a Podstawowa im. Marii Konopnickiej w Garbowie","url":"https:\/\/szkola.garbow.pl\/","logo":{"@type":"ImageObject","inLanguage":"pl-PL","@id":"https:\/\/szkola.garbow.pl\/#\/schema\/logo\/image\/","url":"https:\/\/szkola.garbow.pl\/wp-content\/uploads\/2020\/09\/szkola_podstawowa_garbow-1-1.png","contentUrl":"https:\/\/szkola.garbow.pl\/wp-content\/uploads\/2020\/09\/szkola_podstawowa_garbow-1-1.png","width":500,"height":136,"caption":"Szko\u0142a Podstawowa im. Marii Konopnickiej w Garbowie"},"image":{"@id":"https:\/\/szkola.garbow.pl\/#\/schema\/logo\/image\/"}}]}},"_links":{"self":[{"href":"https:\/\/szkola.garbow.pl\/index.php\/wp-json\/wp\/v2\/pages\/15777","targetHints":{"allow":["GET"]}}],"collection":[{"href":"https:\/\/szkola.garbow.pl\/index.php\/wp-json\/wp\/v2\/pages"}],"about":[{"href":"https:\/\/szkola.garbow.pl\/index.php\/wp-json\/wp\/v2\/types\/page"}],"author":[{"embeddable":true,"href":"https:\/\/szkola.garbow.pl\/index.php\/wp-json\/wp\/v2\/users\/1"}],"replies":[{"embeddable":true,"href":"https:\/\/szkola.garbow.pl\/index.php\/wp-json\/wp\/v2\/comments?post=15777"}],"version-history":[{"count":4,"href":"https:\/\/szkola.garbow.pl\/index.php\/wp-json\/wp\/v2\/pages\/15777\/revisions"}],"predecessor-version":[{"id":15786,"href":"https:\/\/szkola.garbow.pl\/index.php\/wp-json\/wp\/v2\/pages\/15777\/revisions\/15786"}],"wp:attachment":[{"href":"https:\/\/szkola.garbow.pl\/index.php\/wp-json\/wp\/v2\/media?parent=15777"}],"curies":[{"name":"wp","href":"https:\/\/api.w.org\/{rel}","templated":true}]}}